{"id":5,"date":"2015-11-02T15:03:34","date_gmt":"2015-11-02T15:03:34","guid":{"rendered":"http:\/\/demos.artbees.net\/jupiter5\/taygete\/?page_id=5"},"modified":"2023-04-29T16:49:33","modified_gmt":"2023-04-29T13:49:33","slug":"home","status":"publish","type":"page","link":"https:\/\/ekinokstrade.com\/","title":{"rendered":"Home"},"content":{"rendered":"<section class=\"wpb-content-wrapper\">[mk_page_section bg_image=&#8221;http:\/\/demos.artbees.net\/jupiter5\/taygete\/wp-content\/uploads\/sites\/58\/2015\/11\/home-header.jpg&#8221; bg_repeat=&#8221;no-repeat&#8221; bg_stretch=&#8221;true&#8221; min_height=&#8221;0&#8243; padding_top=&#8221;0&#8243; padding_bottom=&#8221;0&#8243; sidebar=&#8221;sidebar-1&#8243;][vc_column][mk_padding_divider size=&#8221;60&#8243; visibility=&#8221;visible-sm&#8221;][mk_padding_divider size=&#8221;200&#8243; visibility=&#8221;hidden-sm&#8221;][mk_fancy_title color=&#8221;#fdc502&#8243; size=&#8221;50&#8243; force_font_size=&#8221;true&#8221; size_phone=&#8221;20&#8243; txt_transform=&#8221;uppercase&#8221; margin_bottom=&#8221;0&#8243; font_family=&#8221;Ubuntu&#8221; font_type=&#8221;google&#8221; align=&#8221;center&#8221;]\u0130n\u015faat &#8211; Dan\u0131\u015fmanl\u0131k &#8211; Teknoloji[\/mk_fancy_title][mk_fancy_title color=&#8221;#fdc502&#8243; size=&#8221;72&#8243; force_font_size=&#8221;true&#8221; size_phone=&#8221;35&#8243; font_weight=&#8221;bold&#8221; txt_transform=&#8221;uppercase&#8221; margin_bottom=&#8221;80&#8243; font_family=&#8221;Ubuntu&#8221; font_type=&#8221;google&#8221; align=&#8221;center&#8221; animation=&#8221;fade-in&#8221;]Ekinoks[\/mk_fancy_title][vc_row_inner is_fullwidth_content=&#8221;false&#8221; visibility=&#8221;hidden-sm&#8221;][vc_column_inner width=&#8221;1\/3&#8243;][mk_image src=&#8221;http:\/\/demos.artbees.net\/jupiter5\/taygete\/wp-content\/uploads\/sites\/58\/2015\/11\/home-head-img-01.jpg&#8221; image_size=&#8221;full&#8221; align=&#8221;center&#8221; margin_bottom=&#8221;0&#8243;][mk_divider style=&#8221;thin_solid&#8221; divider_width=&#8221;custom_width&#8221; custom_width=&#8221;426&#8243; thin_single_color=&#8221;#fdc502&#8243; thickness=&#8221;7&#8243; margin_top=&#8221;0&#8243; margin_bottom=&#8221;0&#8243;][\/vc_column_inner][vc_column_inner width=&#8221;1\/3&#8243;][mk_image src=&#8221;http:\/\/demos.artbees.net\/jupiter5\/taygete\/wp-content\/uploads\/sites\/58\/2015\/11\/home-head-img-4.jpg&#8221; image_size=&#8221;full&#8221; align=&#8221;center&#8221; margin_bottom=&#8221;0&#8243; crop=&#8221;false&#8221;][mk_divider style=&#8221;thin_solid&#8221; divider_width=&#8221;custom_width&#8221; custom_width=&#8221;426&#8243; thin_single_color=&#8221;#fdc502&#8243; thickness=&#8221;7&#8243; margin_top=&#8221;0&#8243; margin_bottom=&#8221;0&#8243;][\/vc_column_inner][vc_column_inner width=&#8221;1\/3&#8243;][mk_image src=&#8221;http:\/\/demos.artbees.net\/jupiter5\/taygete\/wp-content\/uploads\/sites\/58\/2015\/11\/home-head-img-03.jpg&#8221; image_size=&#8221;full&#8221; margin_bottom=&#8221;0&#8243; crop=&#8221;false&#8221;][mk_divider style=&#8221;thin_solid&#8221; divider_width=&#8221;custom_width&#8221; custom_width=&#8221;426&#8243; thin_single_color=&#8221;#fdc502&#8243; thickness=&#8221;7&#8243; margin_top=&#8221;0&#8243; margin_bottom=&#8221;0&#8243;][\/vc_column_inner][\/vc_row_inner][\/vc_column][\/mk_page_section][mk_page_section bg_color=&#8221;#003164&#8243; bg_repeat=&#8221;no-repeat&#8221; bg_stretch=&#8221;true&#8221; min_height=&#8221;0&#8243; padding_top=&#8221;0&#8243; padding_bottom=&#8221;0&#8243; sidebar=&#8221;sidebar-1&#8243;][vc_column][vc_row_inner is_fullwidth_content=&#8221;false&#8221; visibility=&#8221;hidden-sm&#8221;][vc_column_inner width=&#8221;1\/3&#8243;][mk_custom_box bg_color=&#8221;#ffffff&#8221;][mk_fancy_title color=&#8221;#003164&#8243; size=&#8221;18&#8243; font_weight=&#8221;bold&#8221; txt_transform=&#8221;uppercase&#8221; margin_bottom=&#8221;0&#8243; font_family=&#8221;none&#8221; align=&#8221;center&#8221;]\u0130n\u015faat[\/mk_fancy_title][vc_column_text align=&#8221;center&#8221; css=&#8221;.vc_custom_1682775734265{margin-bottom: 0px !important;}&#8221;]Kat kar\u015f\u0131l\u0131\u011f\u0131 Konut ve Ticari Projelerini alanlar\u0131nda uzman Mimar, M\u00fchendis ve Kalifiye usta ekibimizle nitelikli projeleri hayata ge\u00e7irerek arsa de\u011ferine de\u011fer kat\u0131yoruz.[\/vc_column_text][mk_button dimension=&#8221;flat&#8221; corner_style=&#8221;rounded&#8221; align=&#8221;center&#8221; bg_color=&#8221;#003164&#8243; btn_hover_bg=&#8221;#fdc502&#8243; btn_hover_txt_color=&#8221;#000000&#8243;]DETAILS[\/mk_button][\/mk_custom_box][\/vc_column_inner][vc_column_inner width=&#8221;1\/3&#8243;][mk_custom_box bg_color=&#8221;#ffffff&#8221;][mk_fancy_title color=&#8221;#003164&#8243; size=&#8221;18&#8243; font_weight=&#8221;bold&#8221; txt_transform=&#8221;uppercase&#8221; margin_bottom=&#8221;0&#8243; font_family=&#8221;none&#8221; align=&#8221;center&#8221;]Taahh\u00fct[\/mk_fancy_title][vc_column_text align=&#8221;center&#8221; css=&#8221;.vc_custom_1682775775717{margin-bottom: 0px !important;}&#8221;]\n<div id=\"comp-kw133svk\" class=\"comp-kw133svk YzqVVZ wixui-column-strip__column\">\n<div class=\"mwF7X1\" data-mesh-id=\"comp-kw133svkinlineContent\" data-testid=\"inline-content\">\n<div data-mesh-id=\"comp-kw133svkinlineContent-gridContainer\" data-testid=\"mesh-container-content\">\n<div id=\"comp-kw133svw\" class=\"tI1Qp6 comp-kw133svw\">\n<div class=\"\" data-mesh-id=\"comp-kw133svwinlineContent\" data-testid=\"inline-content\">\n<div data-mesh-id=\"comp-kw133svwinlineContent-gridContainer\" data-testid=\"mesh-container-content\">\n<div id=\"comp-kw133svz\" class=\"BaOVQ8 tz5f0K comp-kw133svz wixui-rich-text\" data-testid=\"richTextElement\">\n<p class=\"font_8 wixui-rich-text__text\"><span class=\"wixui-rich-text__text\">Konut yap\u0131lar\u0131, ticari yap\u0131lar, altyap\u0131 ve \u00fcstyap\u0131 projeleri dahil t\u00fcm taahh\u00fct projelerini uzun y\u0131llara dayanan tecr\u00fcbemizle titizlikle uyguluyoruz.<\/span><\/p>\n<p>&nbsp;<\/p>\n<\/div>\n<\/div>\n<\/div>\n<\/div>\n<\/div>\n<\/div>\n<\/div>\n[\/vc_column_text][mk_button dimension=&#8221;flat&#8221; corner_style=&#8221;rounded&#8221; align=&#8221;center&#8221; bg_color=&#8221;#003164&#8243; btn_hover_bg=&#8221;#fdc502&#8243; btn_hover_txt_color=&#8221;#000000&#8243;]DETAILS[\/mk_button][\/mk_custom_box][\/vc_column_inner][vc_column_inner width=&#8221;1\/3&#8243;][mk_custom_box bg_color=&#8221;#ffffff&#8221;][mk_fancy_title color=&#8221;#003164&#8243; size=&#8221;18&#8243; font_weight=&#8221;bold&#8221; txt_transform=&#8221;uppercase&#8221; margin_bottom=&#8221;0&#8243; font_family=&#8221;none&#8221; align=&#8221;center&#8221;]\u0130\u015f Makinalar\u0131[\/mk_fancy_title][vc_column_text align=&#8221;center&#8221; css=&#8221;.vc_custom_1682775881037{margin-bottom: 0px !important;}&#8221;]S\u0131f\u0131r ve ikinci el i\u015f makinalar\u0131n\u0131z al\u0131n\u0131r, sat\u0131l\u0131r ve uygun \u015fartlarda k\u0131sa ve uzun d\u00f6nem kiralama hizmetleri sa\u011flamaktay\u0131z.<\/p>\n<p>&nbsp;[\/vc_column_text][mk_button dimension=&#8221;flat&#8221; corner_style=&#8221;rounded&#8221; align=&#8221;center&#8221; bg_color=&#8221;#003164&#8243; btn_hover_bg=&#8221;#fdc502&#8243; btn_hover_txt_color=&#8221;#000000&#8243;]DETAILS[\/mk_button][\/mk_custom_box][\/vc_column_inner][\/vc_row_inner][\/vc_column][\/mk_page_section][mk_page_section bg_color=&#8221;#003164&#8243; min_height=&#8221;0&#8243; padding_top=&#8221;120&#8243; padding_bottom=&#8221;120&#8243; sidebar=&#8221;sidebar-1&#8243;][vc_column][mk_fancy_title color=&#8221;#ffffff&#8221; size=&#8221;30&#8243; txt_transform=&#8221;uppercase&#8221; letter_spacing=&#8221;2&#8243; margin_bottom=&#8221;0&#8243; font_family=&#8221;Ubuntu&#8221; font_type=&#8221;google&#8221; align=&#8221;center&#8221;]Hakk\u0131m\u0131da[\/mk_fancy_title][mk_divider style=&#8221;thin_solid&#8221; divider_width=&#8221;custom_width&#8221; custom_width=&#8221;60&#8243; thin_single_color=&#8221;#fdc502&#8243; thickness=&#8221;3&#8243; margin_top=&#8221;0&#8243; margin_bottom=&#8221;60&#8243;][vc_row_inner][vc_column_inner width=&#8221;1\/3&#8243;][mk_fancy_title color=&#8221;#ffffff&#8221; size=&#8221;48&#8243; font_weight=&#8221;bold&#8221; txt_transform=&#8221;capitalize&#8221; margin_bottom=&#8221;0&#8243; font_family=&#8221;Ubuntu&#8221; font_type=&#8221;google&#8221;]on the job safety first[\/mk_fancy_title][mk_button dimension=&#8221;flat&#8221; corner_style=&#8221;rounded&#8221; size=&#8221;medium&#8221; margin_top=&#8221;10&#8243; margin_bottom=&#8221;0&#8243; animation=&#8221;flip-y&#8221; btn_hover_bg=&#8221;#fdc502&#8243; text_color=&#8221;dark&#8221; btn_hover_txt_color=&#8221;#003164&#8243;]LEARN MORE[\/mk_button][mk_padding_divider size=&#8221;80&#8243; visibility=&#8221;visible-sm&#8221;][\/vc_column_inner][vc_column_inner width=&#8221;1\/3&#8243;][mk_icon_box icon=&#8221;mk-moon-stats-3&#8243; title=&#8221;Scheme&#8221; text_size=&#8221;24&#8243; font_weight=&#8221;bold&#8221; icon_size=&#8221;large&#8221; icon_circle_color=&#8221;&#8221; title_color=&#8221;#ffffff&#8221; txt_color=&#8221;#aaaaaa&#8221;]Condim entum luctus dolorino amino pulvinar dui tiam dapibus sapien acin semper lacinia neque sceleri.[\/mk_icon_box][mk_icon_box icon=&#8221;mk-moon-clipboard-2&#8243; title=&#8221;Insurance&#8221; text_size=&#8221;24&#8243; font_weight=&#8221;bold&#8221; icon_size=&#8221;large&#8221; icon_circle_color=&#8221;&#8221; title_color=&#8221;#ffffff&#8221; txt_color=&#8221;#aaaaaa&#8221;]Quam condim entum baro luctus dolor amino pulvinar dui tiam dapibus sapien acin semper lacinia neque sceleri.[\/mk_icon_box][\/vc_column_inner][vc_column_inner width=&#8221;1\/3&#8243;][mk_icon_box icon=&#8221;mk-moon-lab&#8221; title=&#8221;Laboratory&#8221; text_size=&#8221;24&#8243; font_weight=&#8221;bold&#8221; icon_size=&#8221;large&#8221; icon_circle_color=&#8221;&#8221; title_color=&#8221;#ffffff&#8221; txt_color=&#8221;#aaaaaa&#8221;]Sed quam condim entum luctus dolor amino pulvinar dui tiam dapibus sapien acin semper lacinia neque sceleri.[\/mk_icon_box][mk_icon_box icon=&#8221;mk-moon-people&#8221; title=&#8221;Security&#8221; text_size=&#8221;24&#8243; font_weight=&#8221;bold&#8221; icon_size=&#8221;large&#8221; icon_circle_color=&#8221;&#8221; title_color=&#8221;#ffffff&#8221; txt_color=&#8221;#aaaaaa&#8221;]Nulla sed quam condim entum luctus dolor amino pulvinar dui tiam dapibus sapien acin semper lacinia neque sceleri.[\/mk_icon_box][\/vc_column_inner][\/vc_row_inner][\/vc_column][\/mk_page_section][vc_row][vc_column width=&#8221;1\/2&#8243;][mk_padding_divider size=&#8221;120&#8243; visibility=&#8221;hidden-sm&#8221;][mk_padding_divider size=&#8221;60&#8243; visibility=&#8221;visible-sm&#8221;][mk_fancy_title color=&#8221;#003164&#8243; size=&#8221;48&#8243; font_weight=&#8221;bold&#8221; txt_transform=&#8221;none&#8221; margin_bottom=&#8221;0&#8243; font_family=&#8221;Ubuntu&#8221; font_type=&#8221;google&#8221;]The safety of the people shall be the highest law.[\/mk_fancy_title][mk_fancy_title color=&#8221;#003164&#8243; size=&#8221;24&#8243; font_weight=&#8221;bold&#8221; txt_transform=&#8221;capitalize&#8221; margin_top=&#8221;60&#8243; margin_bottom=&#8221;0&#8243; font_family=&#8221;Ubuntu&#8221; font_type=&#8221;google&#8221;]the standards we pursue[\/mk_fancy_title][mk_custom_list style=&#8221;f138&#8243;]\n<ul>\n<li>Nulla sed quam condimentum, luctus dolor inar<\/li>\n<li>Nulla sed quam condi mentum luctus pulvinar<\/li>\n<li>Nulla sed quam condmentum, luctus dolor pulimo<\/li>\n<li>Nulla sed quam condimentum, luctus dolor nanao<\/li>\n<\/ul>\n[\/mk_custom_list][\/vc_column][vc_column width=&#8221;1\/2&#8243;][mk_padding_divider size=&#8221;30&#8243;][mk_image src=&#8221;http:\/\/demos.artbees.net\/jupiter5\/taygete\/wp-content\/uploads\/sites\/58\/2015\/11\/home-worker.jpg&#8221; image_width=&#8221;630&#8243; image_height=&#8221;796&#8243; desc=&#8221;Marcus Tullius Cicero&#8221; margin_bottom=&#8221;0&#8243;][\/vc_column][\/vc_row][vc_row fullwidth=&#8221;true&#8221; css=&#8221;.vc_custom_1446630945299{padding-top: 0px !important;padding-right: 0px !important;padding-bottom: 0px !important;padding-left: 0px !important;}&#8221;][vc_column][\/vc_column][\/vc_row][vc_row][vc_column][mk_padding_divider size=&#8221;120&#8243;][mk_fancy_title color=&#8221;#aaaaaa&#8221; size=&#8221;16&#8243; txt_transform=&#8221;uppercase&#8221; letter_spacing=&#8221;4&#8243; margin_bottom=&#8221;0&#8243; font_family=&#8221;Ubuntu&#8221; font_type=&#8221;google&#8221; align=&#8221;center&#8221;]so many\u00a0awesome[\/mk_fancy_title][mk_fancy_title color=&#8221;#003164&#8243; size=&#8221;30&#8243; txt_transform=&#8221;uppercase&#8221; letter_spacing=&#8221;2&#8243; margin_bottom=&#8221;0&#8243; font_family=&#8221;Ubuntu&#8221; font_type=&#8221;google&#8221; align=&#8221;center&#8221;]clients[\/mk_fancy_title][mk_divider style=&#8221;thin_solid&#8221; divider_width=&#8221;custom_width&#8221; custom_width=&#8221;60&#8243; thin_single_color=&#8221;#fdc502&#8243; thickness=&#8221;3&#8243; margin_top=&#8221;0&#8243; margin_bottom=&#8221;60&#8243;][mk_clients style=&#8221;column&#8221; count=&#8221;6&#8243; bg_hover_color=&#8221;#fee280&#8243; border_color=&#8221;#eeeeee&#8221; height=&#8221;130&#8243;][mk_padding_divider size=&#8221;130&#8243; visibility=&#8221;hidden-sm&#8221;][mk_padding_divider size=&#8221;60&#8243; visibility=&#8221;visible-sm&#8221;][\/vc_column][\/vc_row][mk_page_section bg_color=&#8221;#fdc502&#8243; sidebar=&#8221;sidebar-1&#8243;][vc_column][mk_padding_divider size=&#8221;100&#8243; visibility=&#8221;hidden-sm&#8221;][mk_padding_divider size=&#8221;80&#8243; visibility=&#8221;visible-sm&#8221;][mk_fancy_title color=&#8221;#ffffff&#8221; size=&#8221;16&#8243; txt_transform=&#8221;uppercase&#8221; letter_spacing=&#8221;4&#8243; margin_bottom=&#8221;0&#8243; font_family=&#8221;Ubuntu&#8221; font_type=&#8221;google&#8221; align=&#8221;center&#8221;]so many\u00a0excellent[\/mk_fancy_title][mk_fancy_title color=&#8221;#003164&#8243; size=&#8221;30&#8243; txt_transform=&#8221;uppercase&#8221; letter_spacing=&#8221;2&#8243; margin_bottom=&#8221;0&#8243; font_family=&#8221;Ubuntu&#8221; font_type=&#8221;google&#8221; align=&#8221;center&#8221;]Milestones[\/mk_fancy_title][mk_divider style=&#8221;thin_solid&#8221; divider_width=&#8221;custom_width&#8221; custom_width=&#8221;60&#8243; thin_single_color=&#8221;#ffffff&#8221; thickness=&#8221;3&#8243; margin_top=&#8221;0&#8243; margin_bottom=&#8221;60&#8243;][vc_row_inner][vc_column_inner width=&#8221;1\/4&#8243;][mk_milestone icon=&#8221;mk-li-user&#8221; icon_size=&#8221;medium&#8221; align=&#8221;center&#8221; icon_color=&#8221;#003164&#8243; stop=&#8221;5000&#8243; text=&#8221;Happy Workers&#8221; text_color=&#8221;#ffffff&#8221; font_family=&#8221;none&#8221; desc_size=&#8221;16&#8243;][\/vc_column_inner][vc_column_inner width=&#8221;1\/4&#8243;][mk_milestone icon=&#8221;mk-li-unlock&#8221; icon_size=&#8221;medium&#8221; align=&#8221;center&#8221; icon_color=&#8221;#003164&#8243; stop=&#8221;1000&#8243; text=&#8221;Technologies&#8221; text_color=&#8221;#ffffff&#8221; font_family=&#8221;none&#8221; desc_size=&#8221;16&#8243;][\/vc_column_inner][vc_column_inner width=&#8221;1\/4&#8243;][mk_milestone icon=&#8221;mk-li-star&#8221; icon_size=&#8221;medium&#8221; align=&#8221;center&#8221; icon_color=&#8221;#003164&#8243; stop=&#8221;150&#8243; text=&#8221;Projects&#8221; text_color=&#8221;#ffffff&#8221; font_family=&#8221;none&#8221; desc_size=&#8221;16&#8243;][\/vc_column_inner][vc_column_inner width=&#8221;1\/4&#8243;][mk_milestone icon=&#8221;mk-li-shield&#8221; icon_size=&#8221;medium&#8221; align=&#8221;center&#8221; icon_color=&#8221;#003164&#8243; stop=&#8221;5000&#8243; text=&#8221;Insurance&#8221; text_color=&#8221;#ffffff&#8221; font_family=&#8221;none&#8221; desc_size=&#8221;16&#8243;][\/vc_column_inner][\/vc_row_inner][mk_padding_divider size=&#8221;120&#8243; visibility=&#8221;hidden-sm&#8221;][\/vc_column][\/mk_page_section]\n<\/section>","protected":false},"excerpt":{"rendered":"<p>[mk_page_section bg_image=&#8221;http:\/\/demos.artbees.net\/jupiter5\/taygete\/wp-content\/uploads\/sites\/58\/2015\/11\/home-header.jpg&#8221; bg_repeat=&#8221;no-repeat&#8221; bg_stretch=&#8221;true&#8221; min_height=&#8221;0&#8243; padding_top=&#8221;0&#8243; padding_bottom=&#8221;0&#8243; sidebar=&#8221;sidebar-1&#8243;][vc_column][mk_padding_divider size=&#8221;60&#8243; visibility=&#8221;visible-sm&#8221;][mk_padding_divider size=&#8221;200&#8243; visibility=&#8221;hidden-sm&#8221;][mk_fancy_title color=&#8221;#fdc502&#8243; size=&#8221;50&#8243; force_font_size=&#8221;true&#8221; size_phone=&#8221;20&#8243; txt_transform=&#8221;uppercase&#8221; margin_bottom=&#8221;0&#8243; font_family=&#8221;Ubuntu&#8221; font_type=&#8221;google&#8221; align=&#8221;center&#8221;]\u0130n\u015faat &#8211; Dan\u0131\u015fmanl\u0131k &#8211; Teknoloji[\/mk_fancy_title][mk_fancy_title color=&#8221;#fdc502&#8243; size=&#8221;72&#8243; force_font_size=&#8221;true&#8221; size_phone=&#8221;35&#8243; font_weight=&#8221;bold&#8221; txt_transform=&#8221;uppercase&#8221; margin_bottom=&#8221;80&#8243; font_family=&#8221;Ubuntu&#8221; font_type=&#8221;google&#8221; align=&#8221;center&#8221; animation=&#8221;fade-in&#8221;]Ekinoks[\/mk_fancy_title][vc_row_inner is_fullwidth_content=&#8221;false&#8221; visibility=&#8221;hidden-sm&#8221;][vc_column_inner width=&#8221;1\/3&#8243;][mk_image src=&#8221;http:\/\/demos.artbees.net\/jupiter5\/taygete\/wp-content\/uploads\/sites\/58\/2015\/11\/home-head-img-01.jpg&#8221; image_size=&#8221;full&#8221; align=&#8221;center&#8221; margin_bottom=&#8221;0&#8243;][mk_divider style=&#8221;thin_solid&#8221; divider_width=&#8221;custom_width&#8221; custom_width=&#8221;426&#8243; thin_single_color=&#8221;#fdc502&#8243; thickness=&#8221;7&#8243; margin_top=&#8221;0&#8243; margin_bottom=&#8221;0&#8243;][\/vc_column_inner][vc_column_inner width=&#8221;1\/3&#8243;][mk_image src=&#8221;http:\/\/demos.artbees.net\/jupiter5\/taygete\/wp-content\/uploads\/sites\/58\/2015\/11\/home-head-img-4.jpg&#8221; image_size=&#8221;full&#8221; align=&#8221;center&#8221; margin_bottom=&#8221;0&#8243; [&hellip;]<\/p>\n","protected":false},"author":5,"featured_media":0,"parent":0,"menu_order":0,"comment_status":"closed","ping_status":"closed","template":"","meta":{"footnotes":""},"_links":{"self":[{"href":"https:\/\/ekinokstrade.com\/index.php?rest_route=\/wp\/v2\/pages\/5"}],"collection":[{"href":"https:\/\/ekinokstrade.com\/index.php?rest_route=\/wp\/v2\/pages"}],"about":[{"href":"https:\/\/ekinokstrade.com\/index.php?rest_route=\/wp\/v2\/types\/page"}],"author":[{"embeddable":true,"href":"https:\/\/ekinokstrade.com\/index.php?rest_route=\/wp\/v2\/users\/5"}],"replies":[{"embeddable":true,"href":"https:\/\/ekinokstrade.com\/index.php?rest_route=%2Fwp%2Fv2%2Fcomments&post=5"}],"version-history":[{"count":1,"href":"https:\/\/ekinokstrade.com\/index.php?rest_route=\/wp\/v2\/pages\/5\/revisions"}],"predecessor-version":[{"id":443,"href":"https:\/\/ekinokstrade.com\/index.php?rest_route=\/wp\/v2\/pages\/5\/revisions\/443"}],"wp:attachment":[{"href":"https:\/\/ekinokstrade.com\/index.php?rest_route=%2Fwp%2Fv2%2Fmedia&parent=5"}],"curies":[{"name":"wp","href":"https:\/\/api.w.org\/{rel}","templated":true}]}}